{"id":465,"date":"2016-10-24T21:18:49","date_gmt":"2016-10-24T21:18:49","guid":{"rendered":"http:\/\/simsonmuzeum.cz\/?page_id=465"},"modified":"2016-11-05T11:46:17","modified_gmt":"2016-11-05T11:46:17","slug":"awo-touren","status":"publish","type":"page","link":"https:\/\/simsonmuzeum.cz\/de_DE\/fotogalerie\/motocykly-simson\/awo-touren\/","title":{"rendered":"Awo Touren"},"content":{"rendered":"<p><a href=\"http:\/\/simsonmuzeum.cz\/wp-content\/uploads\/2016\/10\/AWO_425T_Bj_50_von_AK_aus_F.jpg\"><img loading=\"lazy\" decoding=\"async\" width=\"300\" height=\"196\" class=\"alignnone size-medium wp-image-564\" alt=\"awo_425t_bj_50_von_ak_aus_f\" src=\"http:\/\/simsonmuzeum.cz\/wp-content\/uploads\/2016\/10\/AWO_425T_Bj_50_von_AK_aus_F-300x196.jpg\" srcset=\"https:\/\/simsonmuzeum.cz\/wp-content\/uploads\/2016\/10\/AWO_425T_Bj_50_von_AK_aus_F-300x196.jpg 300w, https:\/\/simsonmuzeum.cz\/wp-content\/uploads\/2016\/10\/AWO_425T_Bj_50_von_AK_aus_F.jpg 500w\" sizes=\"auto, (max-width: 300px) 100vw, 300px\" \/><\/a><\/p>\n<p>&nbsp;<\/p>\n<p>N\u011bmeck\u00e1 zbrojovka v Suhlu se zab\u00fdvala v\u00fdrobou motorov\u00fdch vozidel u\u017e v t\u0159ic\u00e1t\u00fdch letech minul\u00e9ho stolet\u00ed, kdy jej\u00ed v\u00fdrobn\u00ed pl\u00e1n zahrnoval produkci lidov\u00fdch malolitr\u00e1\u017en\u00edch automobil\u016f zna\u010dky Simson. Po v\u00e1lce, koncem 40. let, kdy tov\u00e1rna spadala pod veden\u00ed sov\u011btsk\u00e9ho podniku Awtowelo Moskva, bylo rozhodnuto o v\u00fdrob\u011b lidov\u00e9ho motocyklu. P\u0159\u00edkaz z Moskvy byl sm\u011b\u0159ov\u00e1n na strojn\u00ed in\u017een\u00fdry Ewalda D\u00e4hna, kter\u00fd byl jmenov\u00e1n vedouc\u00edm projektu, a Helmuta Pitze. V\u00fdvojov\u00fd t\u00fdm se skl\u00e1dal ze zam\u011bstnanc\u016f, kte\u0159\u00ed se do t\u00e9 doby v\u011bnovali v\u00fdvoji zbran\u00ed. Pro inspiraci se tedy nezku\u0161en\u00fd D\u00e4hn vydal do Berl\u00edna, kde se pr\u00e1v\u011b vracel do v\u00fdloh prodejen motocykl BMW R23, a bylo rozhodnuto.<\/p>\n<p>Pro moskevsk\u00e9 veden\u00ed pouze okop\u00edroval z\u00e1kladn\u00ed technick\u00e1 data z prospektu BMW: 250 ccm, 12 kon\u00ed p\u0159i 5600 ot.\/min, \u010dty\u0159rychlostn\u00ed p\u0159evodovka, sekund\u00e1rn\u00ed p\u0159evod h\u0159\u00eddel\u00ed (\u0159et\u011bz byl v t\u00e9 dob\u011b na v\u00fdchod\u011b N\u011bmecka t\u00e9m\u011b\u0159 nedostupn\u00fd), max. rychlost 100 Km\/h, spot\u0159eba 3,3 litr\u016f\/100 km. V l\u00e9t\u011b 1949 byly hotov\u00e9 prvn\u00ed prototypy, kter\u00e9 byly do za\u010d\u00e1tku s\u00e9riov\u00e9 v\u00fdroby po\u010d\u00e1tkem roku 1950 v n\u011bkter\u00fdch detailech zlep\u0161eny. Zna\u010dka motocyklu AWO byla zvolena jako zkratka moskevsk\u00e9ho podniku Awtowelo a typ 425 podle \u010dty\u0159taktn\u00edho motoru a 250 ccm obsahu. Motocykly AWO ov\u0161em nejsou a\u017e tak v\u011brnou napodobeninou, jak by se mohlo na prvn\u00ed pohled zd\u00e1t. V\u00fdchodon\u011bmeck\u00e1 zbrojovka se m\u016f\u017ee pochlubit i n\u011bkter\u00fdmi zlep\u0161en\u00edmi v\u016f\u010di BMW, kter\u00e9 bylo inspirac\u00ed. Je to nap\u0159\u00edklad magneto zapalov\u00e1n\u00ed nez\u00e1visl\u00e9 na baterii, pohon va\u010dkov\u00e9ho h\u0159\u00eddele ozuben\u00fdm soukol\u00edm, vl\u00e1senkov\u00e1 pera ventilov\u00fdch pru\u017ein nebo \u00fa\u010dinn\u00e1 chlad\u00edc\u00ed \u0161achta p\u0159\u00edmo nad spalovac\u00edm prostorem. Ani vzhledov\u011b nen\u00ed AWO nikterak identick\u00e9 s BMW R23. Na prvn\u00ed pohled je u AWO odli\u0161n\u00fd robustn\u011bj\u0161\u00ed motor, d\u00e1le hranat\u011bj\u0161\u00ed tvar blatn\u00edk\u016f, tvar n\u00e1dr\u017ee a \u010detn\u011bj\u0161\u00ed linkov\u00e1n\u00ed okrov\u00fdmi a b\u00edl\u00fdmi linkami, kter\u00e9 dod\u00e1v\u00e1 motocyklu sportovn\u011bj\u0161\u00ed vzhled. Naprosto identick\u00e9 s BMW jsou ale n\u011bkter\u00e9 d\u00edly, kter\u00e9 nevyr\u00e1b\u011bl p\u0159\u00edmo Suhl. Jedn\u00e1 se o v\u011brn\u00e9 v\u00fdchodon\u011bmeck\u00e9 kopie renomovan\u00fdch z\u00e1padon\u011bmeck\u00fdch v\u00fdrobc\u016f a stupa\u010dky zn. M\u00f6we, gumov\u00fd sed\u00e1k zn. MEWA tachometr MAW, houka\u010dka a reflektor IKA jako by z oka vypadly sv\u00fdm nevlastn\u00edm sourozenc\u016fm z rodin SUM, Magura, Drilastic, Veigel, Bosch a Hella.<\/p>\n<p>&nbsp;&nbsp; Dal\u0161\u00ed zm\u011bny p\u0159i\u0161ly se vznikem NDR. V roce 1952 neu\u0161la zn\u00e1rodn\u011bn\u00ed ani Suhlsk\u00e1 zbrojovka a pod nov\u00fdm n\u00e1zvem VEB Fahrzeug un Ger\u00e4tewerk Simson Suhl pokra\u010dovala ve v\u00fdrob\u011b s drobn\u00fdmi praktick\u00fdmi zm\u011bnami v detailech motocyklu, kter\u00fd se ji\u017e tolik nehl\u00e1sil k p\u016fvodn\u00edmu ozna\u010den\u00ed a postupn\u011b b\u011bhem let p\u0159ech\u00e1zel p\u0159es zna\u010dku Simson-AWO a\u017e k \u010dist\u00e9mu Simsonu jako sou\u010d\u00e1st koncernu IFA. K pom\u011brn\u011b slab\u00e9mu motocyklu, av\u0161ak s celkem robustn\u00edm r\u00e1mem, se v t\u00e9to dob\u011b za\u010dal vyr\u00e1b\u011bt velmi \u00fahledn\u00fd sidecar zn. Stoye.<\/p>\n<p>&nbsp;<\/p>\n<table>\n<tbody>\n<tr>\n<td width=\"234\">&nbsp;<\/td>\n<td width=\"380\">\n<p style=\"text-align: center;\">Simson AWO 425 Touren<\/p>\n<\/td>\n<\/tr>\n<tr>\n<td width=\"234\">Vyr\u00e1b\u011bn<\/td>\n<td width=\"380\">\n<p style=\"text-align: center;\">1950 &#8211; 1961<\/p>\n<\/td>\n<\/tr>\n<tr>\n<td width=\"234\">Zdvihov\u00fd objem<\/td>\n<td width=\"380\">\n<p style=\"text-align: center;\">248 cm\u00b3<\/p>\n<\/td>\n<\/tr>\n<tr>\n<td width=\"234\">V\u00fdkon motoru<\/td>\n<td width=\"380\">\n<p style=\"text-align: center;\">9 kW (12 kon\u00ed)<\/p>\n<\/td>\n<\/tr>\n<tr>\n<td width=\"234\">Zdvih<\/td>\n<td width=\"380\">\n<p style=\"text-align: center;\">68 mm<\/p>\n<\/td>\n<\/tr>\n<tr>\n<td width=\"234\">Vrt\u00e1n\u00ed<\/td>\n<td width=\"380\">\n<p style=\"text-align: center;\">68 mm<\/p>\n<\/td>\n<\/tr>\n<tr>\n<td width=\"234\">Pohon<\/td>\n<td width=\"380\">\n<p style=\"text-align: center;\">\u010cty\u0159stup\u0148ov\u00e1 p\u0159evodovka s&nbsp;hnac\u00edm h\u0159\u00eddelem<\/p>\n<\/td>\n<\/tr>\n<tr>\n<td width=\"234\">R\u00e1m<\/td>\n<td width=\"380\">\n<p style=\"text-align: center;\">Dvojit\u00fd kol\u00e9bkov\u00fd<\/p>\n<\/td>\n<\/tr>\n<tr>\n<td width=\"234\">Objem n\u00e1dr\u017ee<\/td>\n<td width=\"380\">\n<p style=\"text-align: center;\">12 litr\u016f<\/p>\n<\/td>\n<\/tr>\n<tr>\n<td width=\"234\">Elektrick\u00fd syst\u00e9m<\/td>\n<td width=\"380\">\n<p style=\"text-align: center;\">Dynamo 6V \/ 45 W<\/p>\n<\/td>\n<\/tr>\n<tr>\n<td width=\"234\">Spot\u0159eba paliva<\/td>\n<td width=\"380\">\n<p style=\"text-align: center;\">3,3 litr\u016f \/ 100 km<\/p>\n<\/td>\n<\/tr>\n<tr>\n<td width=\"234\">Hmotnost stroje<\/td>\n<td width=\"380\">\n<p style=\"text-align: center;\">140 kg<\/p>\n<\/td>\n<\/tr>\n<tr>\n<td width=\"234\">Vyrobeno<\/td>\n<td width=\"380\">\n<p style=\"text-align: center;\">127&nbsp;000 ks (v\u00fdr.\u010d\u00edslo&nbsp;r\u00e1mu 000.001 \u2013 125.865)<\/p>\n<\/td>\n<\/tr>\n<\/tbody>\n<\/table>\n<p>&nbsp;<\/p>\n<p>&nbsp;<\/p>\n","protected":false},"excerpt":{"rendered":"<p>&nbsp; N\u011bmeck\u00e1 zbrojovka v Suhlu se zab\u00fdvala v\u00fdrobou motorov\u00fdch vozidel u\u017e v t\u0159ic\u00e1t\u00fdch letech minul\u00e9ho stolet\u00ed, kdy jej\u00ed v\u00fdrobn\u00ed pl\u00e1n zahrnoval produkci lidov\u00fdch malolitr\u00e1\u017en\u00edch automobil\u016f zna\u010dky Simson. Po v\u00e1lce, koncem 40. let, kdy tov\u00e1rna spadala pod veden\u00ed sov\u011btsk\u00e9ho podniku Awtowelo Moskva, bylo rozhodnuto o v\u00fdrob\u011b lidov\u00e9ho motocyklu. P\u0159\u00edkaz z Moskvy byl sm\u011b\u0159ov\u00e1n na strojn\u00ed in\u017een\u00fdry [&hellip;]<\/p>\n","protected":false},"author":1,"featured_media":0,"parent":409,"menu_order":0,"comment_status":"closed","ping_status":"closed","template":"","meta":{"ngg_post_thumbnail":0,"footnotes":""},"class_list":["post-465","page","type-page","status-publish","hentry"],"_links":{"self":[{"href":"https:\/\/simsonmuzeum.cz\/de_DE\/wp-json\/wp\/v2\/pages\/465","targetHints":{"allow":["GET"]}}],"collection":[{"href":"https:\/\/simsonmuzeum.cz\/de_DE\/wp-json\/wp\/v2\/pages"}],"about":[{"href":"https:\/\/simsonmuzeum.cz\/de_DE\/wp-json\/wp\/v2\/types\/page"}],"author":[{"embeddable":true,"href":"https:\/\/simsonmuzeum.cz\/de_DE\/wp-json\/wp\/v2\/users\/1"}],"replies":[{"embeddable":true,"href":"https:\/\/simsonmuzeum.cz\/de_DE\/wp-json\/wp\/v2\/comments?post=465"}],"version-history":[{"count":4,"href":"https:\/\/simsonmuzeum.cz\/de_DE\/wp-json\/wp\/v2\/pages\/465\/revisions"}],"predecessor-version":[{"id":565,"href":"https:\/\/simsonmuzeum.cz\/de_DE\/wp-json\/wp\/v2\/pages\/465\/revisions\/565"}],"up":[{"embeddable":true,"href":"https:\/\/simsonmuzeum.cz\/de_DE\/wp-json\/wp\/v2\/pages\/409"}],"wp:attachment":[{"href":"https:\/\/simsonmuzeum.cz\/de_DE\/wp-json\/wp\/v2\/media?parent=465"}],"curies":[{"name":"wp","href":"https:\/\/api.w.org\/{rel}","templated":true}]}}

<p><a href="http://simsonmuzeum.cz/wp-content/uploads/2016/10/AWO_425T_Bj_50_von_AK_aus_F.jpg"><img loading="lazy" decoding="async" width="300" height="196" class="alignnone size-medium wp-image-564" alt="awo_425t_bj_50_von_ak_aus_f" src="http://simsonmuzeum.cz/wp-content/uploads/2016/10/AWO_425T_Bj_50_von_AK_aus_F-300x196.jpg" srcset="https://simsonmuzeum.cz/wp-content/uploads/2016/10/AWO_425T_Bj_50_von_AK_aus_F-300x196.jpg 300w, https://simsonmuzeum.cz/wp-content/uploads/2016/10/AWO_425T_Bj_50_von_AK_aus_F.jpg 500w" sizes="auto, (max-width: 300px) 100vw, 300px" /></a></p>
<p>&nbsp;</p>
<p>Německá zbrojovka v Suhlu se zabývala výrobou motorových vozidel už v třicátých letech minulého století, kdy její výrobní plán zahrnoval produkci lidových malolitrážních automobilů značky Simson. Po válce, koncem 40. let, kdy továrna spadala pod vedení sovětského podniku Awtowelo Moskva, bylo rozhodnuto o výrobě lidového motocyklu. Příkaz z Moskvy byl směřován na strojní inženýry Ewalda Dähna, který byl jmenován vedoucím projektu, a Helmuta Pitze. Vývojový tým se skládal ze zaměstnanců, kteří se do té doby věnovali vývoji zbraní. Pro inspiraci se tedy nezkušený Dähn vydal do Berlína, kde se právě vracel do výloh prodejen motocykl BMW R23, a bylo rozhodnuto.</p>
<p>Pro moskevské vedení pouze okopíroval základní technická data z prospektu BMW: 250 ccm, 12 koní při 5600 ot./min, čtyřrychlostní převodovka, sekundární převod hřídelí (řetěz byl v té době na východě Německa téměř nedostupný), max. rychlost 100 Km/h, spotřeba 3,3 litrů/100 km. V létě 1949 byly hotové první prototypy, které byly do začátku sériové výroby počátkem roku 1950 v některých detailech zlepšeny. Značka motocyklu AWO byla zvolena jako zkratka moskevského podniku Awtowelo a typ 425 podle čtyřtaktního motoru a 250 ccm obsahu. Motocykly AWO ovšem nejsou až tak věrnou napodobeninou, jak by se mohlo na první pohled zdát. Východoněmecká zbrojovka se může pochlubit i některými zlepšeními vůči BMW, které bylo inspirací. Je to například magneto zapalování nezávislé na baterii, pohon vačkového hřídele ozubeným soukolím, vlásenková pera ventilových pružin nebo účinná chladící šachta přímo nad spalovacím prostorem. Ani vzhledově není AWO nikterak identické s BMW R23. Na první pohled je u AWO odlišný robustnější motor, dále hranatější tvar blatníků, tvar nádrže a četnější linkování okrovými a bílými linkami, které dodává motocyklu sportovnější vzhled. Naprosto identické s BMW jsou ale některé díly, které nevyráběl přímo Suhl. Jedná se o věrné východoněmecké kopie renomovaných západoněmeckých výrobců a stupačky zn. Möwe, gumový sedák zn. MEWA tachometr MAW, houkačka a reflektor IKA jako by z oka vypadly svým nevlastním sourozencům z rodin SUM, Magura, Drilastic, Veigel, Bosch a Hella.</p>
<p>&nbsp;&nbsp; Další změny přišly se vznikem NDR. V roce 1952 neušla znárodnění ani Suhlská zbrojovka a pod novým názvem VEB Fahrzeug un Gerätewerk Simson Suhl pokračovala ve výrobě s drobnými praktickými změnami v detailech motocyklu, který se již tolik nehlásil k původnímu označení a postupně během let přecházel přes značku Simson-AWO až k čistému Simsonu jako součást koncernu IFA. K poměrně slabému motocyklu, avšak s celkem robustním rámem, se v této době začal vyrábět velmi úhledný sidecar zn. Stoye.</p>
<p>&nbsp;</p>
<table>
<tbody>
<tr>
<td width="234">&nbsp;</td>
<td width="380">
<p style="text-align: center;">Simson AWO 425 Touren</p>
</td>
</tr>
<tr>
<td width="234">Vyráběn</td>
<td width="380">
<p style="text-align: center;">1950 &#8211; 1961</p>
</td>
</tr>
<tr>
<td width="234">Zdvihový objem</td>
<td width="380">
<p style="text-align: center;">248 cm³</p>
</td>
</tr>
<tr>
<td width="234">Výkon motoru</td>
<td width="380">
<p style="text-align: center;">9 kW (12 koní)</p>
</td>
</tr>
<tr>
<td width="234">Zdvih</td>
<td width="380">
<p style="text-align: center;">68 mm</p>
</td>
</tr>
<tr>
<td width="234">Vrtání</td>
<td width="380">
<p style="text-align: center;">68 mm</p>
</td>
</tr>
<tr>
<td width="234">Pohon</td>
<td width="380">
<p style="text-align: center;">Čtyřstupňová převodovka s&nbsp;hnacím hřídelem</p>
</td>
</tr>
<tr>
<td width="234">Rám</td>
<td width="380">
<p style="text-align: center;">Dvojitý kolébkový</p>
</td>
</tr>
<tr>
<td width="234">Objem nádrže</td>
<td width="380">
<p style="text-align: center;">12 litrů</p>
</td>
</tr>
<tr>
<td width="234">Elektrický systém</td>
<td width="380">
<p style="text-align: center;">Dynamo 6V / 45 W</p>
</td>
</tr>
<tr>
<td width="234">Spotřeba paliva</td>
<td width="380">
<p style="text-align: center;">3,3 litrů / 100 km</p>
</td>
</tr>
<tr>
<td width="234">Hmotnost stroje</td>
<td width="380">
<p style="text-align: center;">140 kg</p>
</td>
</tr>
<tr>
<td width="234">Vyrobeno</td>
<td width="380">
<p style="text-align: center;">127&nbsp;000 ks (výr.číslo&nbsp;rámu 000.001 – 125.865)</p>
</td>
</tr>
</tbody>
</table>
<p>&nbsp;</p>
<p>&nbsp;</p>

<p>&nbsp; Německá zbrojovka v Suhlu se zabývala výrobou motorových vozidel už v třicátých letech minulého století, kdy její výrobní plán zahrnoval produkci lidových malolitrážních automobilů značky Simson. Po válce, koncem 40. let, kdy továrna spadala pod vedení sovětského podniku Awtowelo Moskva, bylo rozhodnuto o výrobě lidového motocyklu. Příkaz z Moskvy byl směřován na strojní inženýry [&hellip;]</p>
